mmon factor of 630806 and 6311558?
1166
What is the highest common factor of 14 and 5789768?
2
Calculate the highest common divisor of 1320 and 36406920.
1320
What is the highest common divisor of 70429473 and 1058?
529
Calculate the greatest common factor of 5673 and 2420907.
183
Calculate the highest common divisor of 1 and 309471352.
1
What is the highest common divisor of 4143179 and 172?
43
Calculate the highest common divisor of 3444 and 919716756.
3444
What is the greatest common factor of 11154050 and 248050?
2050
Calculate the greatest common divisor of 1236 and 30512102.
206
What is the highest common divisor of 43752 and 95196?
12
What is the greatest common factor of 4272 and 67969656?
2136
Calculate the highest common factor of 95112 and 13032.
72
Calculate the greatest common divisor of 5195056 and 22287.
437
What is the greatest common divisor of 2070282 and 1254?
6
What is the greatest common factor of 13 and 2386553?
13
Calculate the highest common divisor of 472562 and 17060.
1706
Calculate the greatest common divisor of 1278 and 207320.
142
Calculate the highest common divisor of 20307 and 8767789.
967
What is the greatest common divisor of 30847 and 59?
1
Calculate the highest common divisor of 3249 and 528048.
171
What is the greatest common factor of 122957712 and 720?
144
What is the greatest common divisor of 27634 and 7544756?
674
What is the highest common divisor of 14 and 204791146?
14
What is the highest common divisor of 235250210 and 247?
247
What is the greatest common factor of 6645 and 21025?
5
What is the greatest common factor of 3686096 and 4040?
808
What is the greatest common divisor of 1634 and 3502726?
38
What is the greatest common divisor of 9018156 and 8451?
939
Calculate the greatest common divisor of 182 and 19842953.
13
Calculate the highest common divisor of 11664 and 1169760.
48
Calculate the greatest common divisor of 1944 and 45726.
6
What is the highest common factor of 7700898 and 927?
309
What is the highest common divisor of 214 and 4655998?
214
Calculate the greatest common divisor of 26400 and 1240140.
660
What is the highest common factor of 7618232 and 64?
8
What is the highest common factor of 1048606 and 44234?
2602
Calculate the highest common divisor of 48 and 11101848.
24
Calculate the highest common divisor of 125 and 25583045.
5
What is the highest common divisor of 6 and 496524318?
6
Calculate the greatest common divisor of 10 and 606531790.
10
What is the highest common divisor of 13395 and 2952315?
285
Calculate the greatest common divisor of 172293628 and 1580.
316
Calculate the highest common divisor of 832 and 144064.
64
Calculate the greatest common factor of 3051088 and 368.
368
Calculate the greatest common factor of 497 and 531244.
7
What is the greatest common factor of 7905980 and 5365?
145
What is the highest common divisor of 9180 and 2215620?
540
Calculate the greatest common divisor of 98220 and 326580.
60
Calculate the greatest common divisor of 827603572 and 4232.
2116
What is the highest common factor of 2270 and 29277552?
454
What is the highest common factor of 265 and 428293?
53
Calculate the greatest common divisor of 4662 and 824249.
37
Calculate the greatest common factor of 29 and 197177467.
29
Calculate the highest common divisor of 1146 and 26541.
3
What is the greatest common divisor of 167076 and 80889536?
6188
Calculate the greatest common factor of 1809943304 and 26.
26
What is the greatest common divisor of 62 and 3448378?
62
What is the highest common divisor of 63 and 1588704957?
63
Calculate the highest common divisor of 50 and 302419210.
10
What is the greatest common divisor of 19737193 and 14?
7
Calculate the highest common factor of 527620 and 23092.
92
What is the highest common factor of 69 and 25944069?
69
Calculate the greatest common factor of 72454842 and 54.
18
What is the highest common factor of 62937 and 4801601?
259
What is the highest common divisor of 23255140 and 161190?
1990
Calculate the greatest common factor of 94944 and 1136.
16
Calculate the highest common factor of 48431119 and 2651.
2651
What is the greatest common divisor of 18576 and 171340896?
2064
Calculate the greatest common factor of 96 and 439425624.
24
What is the greatest common divisor of 30605198 and 25259?
871
What is the highest common divisor of 681653 and 8218?
7
Calculate the highest common factor of 1973762 and 5026.
14
What is the highest common divisor of 53625654 and 111?
111
What is the highest common factor of 210899016 and 17928?
5976
What is the greatest common divisor of 94248564 and 36?
12
What is the greatest common divisor of 21800 and 2580575?
2725
What is the greatest common factor of 12973401 and 344?
43
What is the highest common factor of 187496151 and 157?
157
What is the highest common factor of 4669 and 236263?
29
Calculate the greatest common divisor of 10 and 4835168.
2
What is the greatest common divisor of 220 and 249166720?
220
Calculate the greatest common factor of 6041424 and 144.
48
What is the greatest common divisor of 1144410 and 3170?
10
Calculate the greatest common factor of 28607712 and 224.
224
What is the highest common divisor of 2085 and 1535?
5
Calculate the highest common factor of 310 and 5418010.
10
Calculate the highest common divisor of 4588843 and 17759.
413
Calculate the highest common factor of 7 and 5017593.
7
Calculate the greatest common divisor of 8015 and 455097425.
1145
What is the greatest common factor of 128150 and 156530?
110
Calculate the highest common divisor of 54 and 344635632.
18
What is the greatest common divisor of 162 and 306649557?
81
Calculate the highest common divisor of 766847 and 3038.
31
Calculate the greatest common factor of 4 and 4307087.
1
What is the highest common factor of 238 and 5069442?
14
What is the highest common factor of 53094978 and 1039?
1039
Calculate the highest common divisor of 1401106 and 42602.
238
Calculate the highest common factor of 52026 and 11837046.
2262
What is the highest common factor of 182185803 and 10577?
1511
What is the greatest common divisor of 1451043341 and 451?
451
What is the highest common divisor of 3693210 and 18?
6
What is the greatest common factor of 190 and 9848954?
38
What is the greatest common divisor of 6556 and 29154092?
44
Calculate the greatest common factor of 51265662 and 41.
41
What is the highest common factor of 6 and 1137717?
3
Calculate the greatest common divisor of 33497 and 115251.
41
What is the highest common factor of 1802 and 43708666?
34
Calculate the greatest common divisor of 10243792 and 1807.
13
What is the greatest common divisor of 2229924 and 1005009?
1929
Calculate the greatest common divisor of 997832 and 9860.
1972
What is the highest common divisor of 2496 and 869064?
24
Calculate the greatest common divisor of 136488 and 12936.
264
What is the highest common divisor of 624 and 88008128?
208
Calculate the highest common factor of 69 and 12610524.
3
Calculate the highest common divisor of 1131819 and 20488.
13
What is the highest common factor of 1719 and 943623?
9
Calculate the greatest common divisor of 139219691 and 754.
377
What is the highest common divisor of 1416 and 190380?
12
Calculate the greatest common divisor of 21418326 and 8.
2
Calculate the greatest common divisor of 3492067 and 8740.
437
Calculate the highest common factor of 2896301 and 4952.
619
What is the highest common factor of 6575995 and 4655?
95
Calculate the highest common divisor of 25818 and 9621177.
993
What is the highest common factor of 131300751 and 141?
141
Calculate the highest common divisor of 54 and 20862.
18
What is the greatest common divisor of 3122 and 130014129?
1561
What is the highest common factor of 23213839 and 38?
19
What is the greatest common divisor of 44 and 8634956?
44
Calculate the greatest common divisor of 10 and 64476610.
10
What is the greatest common factor of 42420 and 43638?
42
Calculate the greatest common divisor of 25819252 and 1596.
76
What is the greatest common divisor of 88353211 and 19?
19
What is the greatest common divisor of 3620 and 130820?
20
Calculate the highest common factor of 275 and 64995777.
11
Calculate the greatest common divisor of 133230632 and 4912.
2456